{"id":77,"date":"2021-01-13T14:54:17","date_gmt":"2021-01-13T14:54:17","guid":{"rendered":"https:\/\/themes.muffingroup.com\/be\/funfair_el\/?page_id=77"},"modified":"2021-01-13T14:54:17","modified_gmt":"2021-01-13T14:54:17","slug":"contact-us","status":"publish","type":"page","link":"https:\/\/navidalia.mx\/guadalajara\/contact-us\/","title":{"rendered":"CONTACT US"},"content":{"rendered":"\t\t<div data-elementor-type=\"wp-page\" data-elementor-id=\"77\" class=\"elementor elementor-77\" data-elementor-settings=\"[]\">\n\t\t\t\t\t\t\t<div class=\"elementor-section-wrap\">\n\t\t\t\t\t\t\t<section class=\"elementor-section elementor-top-section elementor-element elementor-element-4348540 elementor-section-stretched elementor-section-boxed elementor-section-height-default elementor-section-height-default\" data-id=\"4348540\" data-element_type=\"section\" data-settings=\"{&quot;stretch_section&quot;:&quot;section-stretched&quot;,&quot;background_background&quot;:&quot;classic&quot;}\">\n\t\t\t\t\t\t<div class=\"elementor-container elementor-column-gap-wider\">\n\t\t\t\t\t<div class=\"elementor-column elementor-col-100 elementor-top-column elementor-element elementor-element-1b2045e\" data-id=\"1b2045e\" data-element_type=\"column\">\n\t\t\t<div class=\"elementor-widget-wrap elementor-element-populated\">\n\t\t\t\t\t\t\t\t<section class=\"elementor-section elementor-inner-section elementor-element elementor-element-d5855ed elementor-section-boxed elementor-section-height-default elementor-section-height-default\" data-id=\"d5855ed\" data-element_type=\"section\">\n\t\t\t\t\t\t<div class=\"elementor-container elementor-column-gap-default\">\n\t\t\t\t\t<div class=\"elementor-column elementor-col-100 elementor-inner-column elementor-element elementor-element-7562e3e\" data-id=\"7562e3e\" data-element_type=\"column\">\n\t\t\t<div class=\"elementor-widget-wrap elementor-element-populated\">\n\t\t\t\t\t\t\t\t<div class=\"elementor-element elementor-element-914906a elementor-widget elementor-widget-text-editor\" data-id=\"914906a\" data-element_type=\"widget\" data-widget_type=\"text-editor.default\">\n\t\t\t\t<div class=\"elementor-widget-container\">\n\t\t\t\t\t\t\t<h1>BUY A TICKET AND VISIT THE PARK<\/h1>\t\t\t\t\t\t<\/div>\n\t\t\t\t<\/div>\n\t\t\t\t\t<\/div>\n\t\t<\/div>\n\t\t\t\t\t\t\t<\/div>\n\t\t<\/section>\n\t\t\t\t\t<\/div>\n\t\t<\/div>\n\t\t\t\t\t\t\t<\/div>\n\t\t<\/section>\n\t\t\t\t<section class=\"elementor-section elementor-top-section elementor-element elementor-element-5b126d4 elementor-section-stretched elementor-section-full_width elementor-section-height-default elementor-section-height-default\" data-id=\"5b126d4\" data-element_type=\"section\" data-settings=\"{&quot;stretch_section&quot;:&quot;section-stretched&quot;,&quot;background_background&quot;:&quot;classic&quot;}\">\n\t\t\t\t\t\t<div class=\"elementor-container elementor-column-gap-no\">\n\t\t\t\t\t<div class=\"elementor-column elementor-col-100 elementor-top-column elementor-element elementor-element-07e9bf3\" data-id=\"07e9bf3\" data-element_type=\"column\">\n\t\t\t<div class=\"elementor-widget-wrap elementor-element-populated\">\n\t\t\t\t\t\t\t\t<section class=\"elementor-section elementor-inner-section elementor-element elementor-element-0b59700 elementor-section-full_width elementor-section-height-default elementor-section-height-default\" data-id=\"0b59700\" data-element_type=\"section\" data-settings=\"{&quot;background_background&quot;:&quot;classic&quot;}\">\n\t\t\t\t\t\t<div class=\"elementor-container elementor-column-gap-no\">\n\t\t\t\t\t<div class=\"elementor-column elementor-col-100 elementor-inner-column elementor-element elementor-element-79f374b\" data-id=\"79f374b\" data-element_type=\"column\">\n\t\t\t<div class=\"elementor-widget-wrap elementor-element-populated\">\n\t\t\t\t\t\t\t\t<div class=\"elementor-element elementor-element-7391e93 elementor-widget elementor-widget-image\" data-id=\"7391e93\" data-element_type=\"widget\" data-widget_type=\"image.default\">\n\t\t\t\t<div class=\"elementor-widget-container\">\n\t\t\t\t\t\t\t\t\t\t\t\t\t\t\t<img decoding=\"async\" src=\"http:\/\/navidalia.mx\/wp-content\/uploads\/2021\/01\/funfair-image1.png\" title=\"\" alt=\"\" \/>\t\t\t\t\t\t\t\t\t\t\t\t\t\t\t<\/div>\n\t\t\t\t<\/div>\n\t\t\t\t\t<\/div>\n\t\t<\/div>\n\t\t\t\t\t\t\t<\/div>\n\t\t<\/section>\n\t\t\t\t\t<\/div>\n\t\t<\/div>\n\t\t\t\t\t\t\t<\/div>\n\t\t<\/section>\n\t\t\t\t<section class=\"elementor-section elementor-top-section elementor-element elementor-element-9ca098d elementor-section-stretched elementor-section-boxed elementor-section-height-default elementor-section-height-default\" data-id=\"9ca098d\" data-element_type=\"section\" data-settings=\"{&quot;stretch_section&quot;:&quot;section-stretched&quot;,&quot;background_background&quot;:&quot;classic&quot;}\">\n\t\t\t\t\t\t<div class=\"elementor-container elementor-column-gap-wider\">\n\t\t\t\t\t<div class=\"elementor-column elementor-col-100 elementor-top-column elementor-element elementor-element-0992078\" data-id=\"0992078\" data-element_type=\"column\">\n\t\t\t<div class=\"elementor-widget-wrap elementor-element-populated\">\n\t\t\t\t\t\t\t\t<section class=\"elementor-section elementor-inner-section elementor-element elementor-element-60034de elementor-section-boxed elementor-section-height-default elementor-section-height-default\" data-id=\"60034de\" data-element_type=\"section\">\n\t\t\t\t\t\t<div class=\"elementor-container elementor-column-gap-default\">\n\t\t\t\t\t<div class=\"elementor-column elementor-col-100 elementor-inner-column elementor-element elementor-element-102ae13\" data-id=\"102ae13\" data-element_type=\"column\">\n\t\t\t<div class=\"elementor-widget-wrap elementor-element-populated\">\n\t\t\t\t\t\t\t\t<div class=\"elementor-element elementor-element-4066cfe elementor-widget elementor-widget-text-editor\" data-id=\"4066cfe\" data-element_type=\"widget\" data-widget_type=\"text-editor.default\">\n\t\t\t\t<div class=\"elementor-widget-container\">\n\t\t\t\t\t\t\t<h2>FILL THE FORM <br\/>AND ORDER THE TICKETS NOW<\/h2>\t\t\t\t\t\t<\/div>\n\t\t\t\t<\/div>\n\t\t\t\t<div class=\"elementor-element elementor-element-fd63534 elementor-widget elementor-widget-spacer\" data-id=\"fd63534\" data-element_type=\"widget\" data-widget_type=\"spacer.default\">\n\t\t\t\t<div class=\"elementor-widget-container\">\n\t\t\t\t\t<div class=\"elementor-spacer\">\n\t\t\t<div class=\"elementor-spacer-inner\"><\/div>\n\t\t<\/div>\n\t\t\t\t<\/div>\n\t\t\t\t<\/div>\n\t\t\t\t\t<\/div>\n\t\t<\/div>\n\t\t\t\t\t\t\t<\/div>\n\t\t<\/section>\n\t\t\t\t<section class=\"elementor-section elementor-inner-section elementor-element elementor-element-c0dce02 elementor-section-boxed elementor-section-height-default elementor-section-height-default\" data-id=\"c0dce02\" data-element_type=\"section\">\n\t\t\t\t\t\t<div class=\"elementor-container elementor-column-gap-default\">\n\t\t\t\t\t<div class=\"elementor-column elementor-col-16 elementor-inner-column elementor-element elementor-element-5cbe2e7\" data-id=\"5cbe2e7\" data-element_type=\"column\">\n\t\t\t<div class=\"elementor-widget-wrap\">\n\t\t\t\t\t\t\t\t\t<\/div>\n\t\t<\/div>\n\t\t\t\t<div class=\"elementor-column elementor-col-66 elementor-inner-column elementor-element elementor-element-8e6001b\" data-id=\"8e6001b\" data-element_type=\"column\" data-settings=\"{&quot;background_background&quot;:&quot;classic&quot;}\">\n\t\t\t<div class=\"elementor-widget-wrap elementor-element-populated\">\n\t\t\t\t\t\t\t\t<div class=\"elementor-element elementor-element-cb2bc3f elementor-widget elementor-widget-shortcode\" data-id=\"cb2bc3f\" data-element_type=\"widget\" data-widget_type=\"shortcode.default\">\n\t\t\t\t<div class=\"elementor-widget-container\">\n\t\t\t\t\t<div class=\"elementor-shortcode\"><div role=\"form\" class=\"wpcf7\" id=\"wpcf7-f70-o1\" lang=\"en-US\" dir=\"ltr\">\n<div class=\"screen-reader-response\"><p role=\"status\" aria-live=\"polite\" aria-atomic=\"true\"><\/p> <ul><\/ul><\/div>\n<form action=\"\/guadalajara\/wp-json\/wp\/v2\/pages\/77#wpcf7-f70-o1\" method=\"post\" class=\"wpcf7-form init\" novalidate=\"novalidate\" data-status=\"init\">\n<div style=\"display: none;\">\n<input type=\"hidden\" name=\"_wpcf7\" value=\"70\" \/>\n<input type=\"hidden\" name=\"_wpcf7_version\" value=\"5.5.3\" \/>\n<input type=\"hidden\" name=\"_wpcf7_locale\" value=\"en_US\" \/>\n<input type=\"hidden\" name=\"_wpcf7_unit_tag\" value=\"wpcf7-f70-o1\" \/>\n<input type=\"hidden\" name=\"_wpcf7_container_post\" value=\"0\" \/>\n<input type=\"hidden\" name=\"_wpcf7_posted_data_hash\" value=\"\" \/>\n<\/div>\n<div class=\"column one\">\n<h5>CHOOSE THE TYPE AND NUMBER OF TICKETS<\/h5>\n<\/div>\n<div class=\"column one-third\"><span class=\"wpcf7-form-control-wrap your-adults\"><input type=\"number\" name=\"your-adults\" value=\"0\" class=\"wpcf7-form-control wpcf7-number wpcf7-validates-as-required wpcf7-validates-as-number\" aria-required=\"true\" aria-invalid=\"false\" \/><\/span> Adults 18+<\/div>\n<div class=\"column one-third\"><span class=\"wpcf7-form-control-wrap your-childrens\"><input type=\"number\" name=\"your-childrens\" value=\"0\" class=\"wpcf7-form-control wpcf7-number wpcf7-validates-as-required wpcf7-validates-as-number\" aria-required=\"true\" aria-invalid=\"false\" \/><\/span> Children 4-18<\/div>\n<div class=\"column one\"><span class=\"wpcf7-form-control-wrap your-ticketType\"><select name=\"your-ticketType\" class=\"wpcf7-form-control wpcf7-select\" aria-invalid=\"false\"><option value=\"All attractions\">All attractions<\/option><option value=\"Rides\">Rides<\/option><option value=\"Shows\">Shows<\/option><option value=\"Bride - photo session\">Bride - photo session<\/option><\/select><\/span><\/div>\n<div class=\"column one\">\n<h5 style=\"margin-top:30px;\">FILL IN YOUR PERSONAL DATA<\/h5>\n<\/div>\n<div class=\"column one-second\"><span class=\"wpcf7-form-control-wrap your-name\"><input type=\"text\" name=\"your-name\" value=\"\" size=\"40\" class=\"wpcf7-form-control wpcf7-text wpcf7-validates-as-required\" aria-required=\"true\" aria-invalid=\"false\" placeholder=\"Name\" \/><\/span> <\/div>\n<div class=\"column one-second\"><span class=\"wpcf7-form-control-wrap your-surname\"><input type=\"text\" name=\"your-surname\" value=\"\" size=\"40\" class=\"wpcf7-form-control wpcf7-text wpcf7-validates-as-required\" aria-required=\"true\" aria-invalid=\"false\" placeholder=\"Surname\" \/><\/span> <\/div>\n<div class=\"column one\"><span class=\"wpcf7-form-control-wrap your-email\"><input type=\"email\" name=\"your-email\" value=\"\" size=\"40\" class=\"wpcf7-form-control wpcf7-text wpcf7-email wpcf7-validates-as-required wpcf7-validates-as-email\" aria-required=\"true\" aria-invalid=\"false\" placeholder=\"Email\" \/><\/span> <\/div>\n<div class=\"column one\"><span class=\"wpcf7-form-control-wrap your-phone\"><input type=\"tel\" name=\"your-phone\" value=\"\" size=\"40\" class=\"wpcf7-form-control wpcf7-text wpcf7-tel wpcf7-validates-as-tel\" aria-invalid=\"false\" placeholder=\"Phone\" \/><\/span><\/div>\n<div class=\"column one\"><span class=\"wpcf7-form-control-wrap your-message\"><textarea name=\"your-message\" cols=\"40\" rows=\"6\" class=\"wpcf7-form-control wpcf7-textarea\" aria-invalid=\"false\" placeholder=\"Message\"><\/textarea><\/span><\/div>\n<div class=\"column one\"><span class=\"wpcf7-form-control-wrap checkbox-583\"><span class=\"wpcf7-form-control wpcf7-checkbox\"><span class=\"wpcf7-list-item first last\"><label><input type=\"checkbox\" name=\"checkbox-583[]\" value=\"Justo eget magna fermentum iaculis eu. Vitae semper quis lectus nulla at volutpat diam ut. Nulla aliquet porttitor lacus luctus\" \/><span class=\"wpcf7-list-item-label\">Justo eget magna fermentum iaculis eu. Vitae semper quis lectus nulla at volutpat diam ut. Nulla aliquet porttitor lacus luctus<\/span><\/label><\/span><\/span><\/span><\/div>\n<div class=\"column one\"><input type=\"submit\" value=\"Order tickets\" class=\"wpcf7-form-control has-spinner wpcf7-submit button_full_width\" \/><\/div>\n<div class=\"wpcf7-response-output\" aria-hidden=\"true\"><\/div><\/form><\/div><\/div>\n\t\t\t\t<\/div>\n\t\t\t\t<\/div>\n\t\t\t\t\t<\/div>\n\t\t<\/div>\n\t\t\t\t<div class=\"elementor-column elementor-col-16 elementor-inner-column elementor-element elementor-element-977df54\" data-id=\"977df54\" data-element_type=\"column\">\n\t\t\t<div class=\"elementor-widget-wrap\">\n\t\t\t\t\t\t\t\t\t<\/div>\n\t\t<\/div>\n\t\t\t\t\t\t\t<\/div>\n\t\t<\/section>\n\t\t\t\t\t<\/div>\n\t\t<\/div>\n\t\t\t\t\t\t\t<\/div>\n\t\t<\/section>\n\t\t\t\t<section class=\"elementor-section elementor-top-section elementor-element elementor-element-f56d757 elementor-section-stretched elementor-section-full_width elementor-section-height-default elementor-section-height-default\" data-id=\"f56d757\" data-element_type=\"section\" data-settings=\"{&quot;stretch_section&quot;:&quot;section-stretched&quot;}\">\n\t\t\t\t\t\t\t<div class=\"elementor-background-overlay\"><\/div>\n\t\t\t\t\t\t\t<div class=\"elementor-container elementor-column-gap-no\">\n\t\t\t\t\t<div class=\"elementor-column elementor-col-100 elementor-top-column elementor-element elementor-element-d98610b\" data-id=\"d98610b\" data-element_type=\"column\">\n\t\t\t<div class=\"elementor-widget-wrap elementor-element-populated\">\n\t\t\t\t\t\t\t\t<section class=\"elementor-section elementor-inner-section elementor-element elementor-element-a6d7875 elementor-section-full_width elementor-section-height-default elementor-section-height-default\" data-id=\"a6d7875\" data-element_type=\"section\" data-settings=\"{&quot;background_background&quot;:&quot;classic&quot;}\">\n\t\t\t\t\t\t<div class=\"elementor-container elementor-column-gap-no\">\n\t\t\t\t\t<div class=\"elementor-column elementor-col-100 elementor-inner-column elementor-element elementor-element-a83d686\" data-id=\"a83d686\" data-element_type=\"column\">\n\t\t\t<div class=\"elementor-widget-wrap elementor-element-populated\">\n\t\t\t\t\t\t\t\t<div class=\"elementor-element elementor-element-58c62c3 elementor-widget elementor-widget-image\" data-id=\"58c62c3\" data-element_type=\"widget\" data-widget_type=\"image.default\">\n\t\t\t\t<div class=\"elementor-widget-container\">\n\t\t\t\t\t\t\t\t\t\t\t\t\t\t\t<img loading=\"lazy\" decoding=\"async\" width=\"1920\" height=\"114\" src=\"https:\/\/navidalia.mx\/guadalajara\/wp-content\/uploads\/2021\/01\/funfair-sectionbg6.png\" class=\"attachment-full size-full\" alt=\"\" srcset=\"https:\/\/navidalia.mx\/guadalajara\/wp-content\/uploads\/2021\/01\/funfair-sectionbg6.png 1920w, https:\/\/navidalia.mx\/guadalajara\/wp-content\/uploads\/2021\/01\/funfair-sectionbg6-300x18.png 300w, https:\/\/navidalia.mx\/guadalajara\/wp-content\/uploads\/2021\/01\/funfair-sectionbg6-1024x61.png 1024w, https:\/\/navidalia.mx\/guadalajara\/wp-content\/uploads\/2021\/01\/funfair-sectionbg6-768x46.png 768w, https:\/\/navidalia.mx\/guadalajara\/wp-content\/uploads\/2021\/01\/funfair-sectionbg6-1536x91.png 1536w, https:\/\/navidalia.mx\/guadalajara\/wp-content\/uploads\/2021\/01\/funfair-sectionbg6-260x15.png 260w, https:\/\/navidalia.mx\/guadalajara\/wp-content\/uploads\/2021\/01\/funfair-sectionbg6-50x3.png 50w, https:\/\/navidalia.mx\/guadalajara\/wp-content\/uploads\/2021\/01\/funfair-sectionbg6-150x9.png 150w, https:\/\/navidalia.mx\/guadalajara\/wp-content\/uploads\/2021\/01\/funfair-sectionbg6-800x48.png 800w\" sizes=\"auto, (max-width: 1920px) 100vw, 1920px\" \/>\t\t\t\t\t\t\t\t\t\t\t\t\t\t\t<\/div>\n\t\t\t\t<\/div>\n\t\t\t\t\t<\/div>\n\t\t<\/div>\n\t\t\t\t\t\t\t<\/div>\n\t\t<\/section>\n\t\t\t\t\t<\/div>\n\t\t<\/div>\n\t\t\t\t\t\t\t<\/div>\n\t\t<\/section>\n\t\t\t\t\t\t<\/div>\n\t\t\t\t\t<\/div>\n\t\t","protected":false},"excerpt":{"rendered":"<p>BUY A TICKET AND VISIT THE PARK FILL THE FORM AND ORDER THE TICKETS NOW<\/p>\n","protected":false},"author":1,"featured_media":0,"parent":0,"menu_order":0,"comment_status":"closed","ping_status":"closed","template":"","meta":{"footnotes":""},"class_list":["post-77","page","type-page","status-publish","hentry"],"yoast_head":"<!-- This site is optimized with the Yoast SEO plugin v17.7.1 - https:\/\/yoast.com\/wordpress\/plugins\/seo\/ -->\n<title>CONTACT US - Navidalia parque tem\u00e1tico un lugar para so\u00f1ar despiertos<\/title>\n<meta name=\"robots\" content=\"index, follow, max-snippet:-1, max-image-preview:large, max-video-preview:-1\" \/>\n<link rel=\"canonical\" href=\"https:\/\/navidalia.mx\/guadalajara\/contact-us\/\" \/>\n<meta property=\"og:locale\" content=\"es_MX\" \/>\n<meta property=\"og:type\" content=\"article\" \/>\n<meta property=\"og:title\" content=\"CONTACT US - Navidalia parque tem\u00e1tico un lugar para so\u00f1ar despiertos\" \/>\n<meta property=\"og:description\" content=\"BUY A TICKET AND VISIT THE PARK FILL THE FORM AND ORDER THE TICKETS NOW\" \/>\n<meta property=\"og:url\" content=\"https:\/\/navidalia.mx\/guadalajara\/contact-us\/\" \/>\n<meta property=\"og:site_name\" content=\"Navidalia parque tem\u00e1tico un lugar para so\u00f1ar despiertos\" \/>\n<meta property=\"og:image\" content=\"http:\/\/navidalia.mx\/wp-content\/uploads\/2021\/01\/funfair-image1.png\" \/>\n<meta name=\"twitter:card\" content=\"summary_large_image\" \/>\n<script type=\"application\/ld+json\" class=\"yoast-schema-graph\">{\"@context\":\"https:\/\/schema.org\",\"@graph\":[{\"@type\":\"WebSite\",\"@id\":\"https:\/\/navidalia.mx\/guadalajara\/#website\",\"url\":\"https:\/\/navidalia.mx\/guadalajara\/\",\"name\":\"Navidalia parque tem\\u00e1tico un lugar para so\\u00f1ar despiertos\",\"description\":\"Siente la Navidad de nuevo entre el aroma del ponche caliente y bu\\u00f1uelos, la hechizante nieve n\\u00f3rdica, la diversidad del viejo mundo y la majestuosidad de los Reyes Magos\",\"potentialAction\":[{\"@type\":\"SearchAction\",\"target\":{\"@type\":\"EntryPoint\",\"urlTemplate\":\"https:\/\/navidalia.mx\/guadalajara\/?s={search_term_string}\"},\"query-input\":\"required name=search_term_string\"}],\"inLanguage\":\"es\"},{\"@type\":\"ImageObject\",\"@id\":\"https:\/\/navidalia.mx\/guadalajara\/contact-us\/#primaryimage\",\"inLanguage\":\"es\",\"url\":\"http:\/\/navidalia.mx\/wp-content\/uploads\/2021\/01\/funfair-image1.png\",\"contentUrl\":\"http:\/\/navidalia.mx\/wp-content\/uploads\/2021\/01\/funfair-image1.png\"},{\"@type\":\"WebPage\",\"@id\":\"https:\/\/navidalia.mx\/guadalajara\/contact-us\/#webpage\",\"url\":\"https:\/\/navidalia.mx\/guadalajara\/contact-us\/\",\"name\":\"CONTACT US - Navidalia parque tem\\u00e1tico un lugar para so\\u00f1ar despiertos\",\"isPartOf\":{\"@id\":\"https:\/\/navidalia.mx\/guadalajara\/#website\"},\"primaryImageOfPage\":{\"@id\":\"https:\/\/navidalia.mx\/guadalajara\/contact-us\/#primaryimage\"},\"datePublished\":\"2021-01-13T14:54:17+00:00\",\"dateModified\":\"2021-01-13T14:54:17+00:00\",\"breadcrumb\":{\"@id\":\"https:\/\/navidalia.mx\/guadalajara\/contact-us\/#breadcrumb\"},\"inLanguage\":\"es\",\"potentialAction\":[{\"@type\":\"ReadAction\",\"target\":[\"https:\/\/navidalia.mx\/guadalajara\/contact-us\/\"]}]},{\"@type\":\"BreadcrumbList\",\"@id\":\"https:\/\/navidalia.mx\/guadalajara\/contact-us\/#breadcrumb\",\"itemListElement\":[{\"@type\":\"ListItem\",\"position\":1,\"name\":\"Inicio\",\"item\":\"https:\/\/navidalia.mx\/guadalajara\/\"},{\"@type\":\"ListItem\",\"position\":2,\"name\":\"CONTACT US\"}]}]}<\/script>\n<!-- \/ Yoast SEO plugin. -->","yoast_head_json":{"title":"CONTACT US - Navidalia parque tem\u00e1tico un lugar para so\u00f1ar despiertos","robots":{"index":"index","follow":"follow","max-snippet":"max-snippet:-1","max-image-preview":"max-image-preview:large","max-video-preview":"max-video-preview:-1"},"canonical":"https:\/\/navidalia.mx\/guadalajara\/contact-us\/","og_locale":"es_MX","og_type":"article","og_title":"CONTACT US - Navidalia parque tem\u00e1tico un lugar para so\u00f1ar despiertos","og_description":"BUY A TICKET AND VISIT THE PARK FILL THE FORM AND ORDER THE TICKETS NOW","og_url":"https:\/\/navidalia.mx\/guadalajara\/contact-us\/","og_site_name":"Navidalia parque tem\u00e1tico un lugar para so\u00f1ar despiertos","og_image":[{"url":"http:\/\/navidalia.mx\/wp-content\/uploads\/2021\/01\/funfair-image1.png"}],"twitter_card":"summary_large_image","schema":{"@context":"https:\/\/schema.org","@graph":[{"@type":"WebSite","@id":"https:\/\/navidalia.mx\/guadalajara\/#website","url":"https:\/\/navidalia.mx\/guadalajara\/","name":"Navidalia parque tem\u00e1tico un lugar para so\u00f1ar despiertos","description":"Siente la Navidad de nuevo entre el aroma del ponche caliente y bu\u00f1uelos, la hechizante nieve n\u00f3rdica, la diversidad del viejo mundo y la majestuosidad de los Reyes Magos","potentialAction":[{"@type":"SearchAction","target":{"@type":"EntryPoint","urlTemplate":"https:\/\/navidalia.mx\/guadalajara\/?s={search_term_string}"},"query-input":"required name=search_term_string"}],"inLanguage":"es"},{"@type":"ImageObject","@id":"https:\/\/navidalia.mx\/guadalajara\/contact-us\/#primaryimage","inLanguage":"es","url":"http:\/\/navidalia.mx\/wp-content\/uploads\/2021\/01\/funfair-image1.png","contentUrl":"http:\/\/navidalia.mx\/wp-content\/uploads\/2021\/01\/funfair-image1.png"},{"@type":"WebPage","@id":"https:\/\/navidalia.mx\/guadalajara\/contact-us\/#webpage","url":"https:\/\/navidalia.mx\/guadalajara\/contact-us\/","name":"CONTACT US - Navidalia parque tem\u00e1tico un lugar para so\u00f1ar despiertos","isPartOf":{"@id":"https:\/\/navidalia.mx\/guadalajara\/#website"},"primaryImageOfPage":{"@id":"https:\/\/navidalia.mx\/guadalajara\/contact-us\/#primaryimage"},"datePublished":"2021-01-13T14:54:17+00:00","dateModified":"2021-01-13T14:54:17+00:00","breadcrumb":{"@id":"https:\/\/navidalia.mx\/guadalajara\/contact-us\/#breadcrumb"},"inLanguage":"es","potentialAction":[{"@type":"ReadAction","target":["https:\/\/navidalia.mx\/guadalajara\/contact-us\/"]}]},{"@type":"BreadcrumbList","@id":"https:\/\/navidalia.mx\/guadalajara\/contact-us\/#breadcrumb","itemListElement":[{"@type":"ListItem","position":1,"name":"Inicio","item":"https:\/\/navidalia.mx\/guadalajara\/"},{"@type":"ListItem","position":2,"name":"CONTACT US"}]}]}},"_links":{"self":[{"href":"https:\/\/navidalia.mx\/guadalajara\/wp-json\/wp\/v2\/pages\/77","targetHints":{"allow":["GET"]}}],"collection":[{"href":"https:\/\/navidalia.mx\/guadalajara\/wp-json\/wp\/v2\/pages"}],"about":[{"href":"https:\/\/navidalia.mx\/guadalajara\/wp-json\/wp\/v2\/types\/page"}],"author":[{"embeddable":true,"href":"https:\/\/navidalia.mx\/guadalajara\/wp-json\/wp\/v2\/users\/1"}],"replies":[{"embeddable":true,"href":"https:\/\/navidalia.mx\/guadalajara\/wp-json\/wp\/v2\/comments?post=77"}],"version-history":[{"count":0,"href":"https:\/\/navidalia.mx\/guadalajara\/wp-json\/wp\/v2\/pages\/77\/revisions"}],"wp:attachment":[{"href":"https:\/\/navidalia.mx\/guadalajara\/wp-json\/wp\/v2\/media?parent=77"}],"curies":[{"name":"wp","href":"https:\/\/api.w.org\/{rel}","templated":true}]}}